 -2090 + 2096?
69
Calculate (-28 - (-8 + 11)) + 9 + -1 + (-2 - -9).
-16
Evaluate (-33 - -31) + 19 - -21.
38
-38 - -81 - (-42 - 5)
90
(61 - 35 - -33) + (8 - 6 - (-1 - 1))
63
What is the value of (0 - 12) + (-50 + 5 - -50) - (-112 + -1)?
106
Evaluate -12 - (20 + -15 + (-2 - (-1 - 5 - 0))).
-21
Calculate -24 + (0 - (11 - ((-5 - 1) + 21))).
-20
(2 - 1) + 1 + (0 - -4) + 153 + -211
-52
What is -4 - (2778 - 2775 - (1 - 1 - -7))?
0
Evaluate -88 + (93 + -6 - 79).
-80
(50 - (4 - -31)) + 7
22
Calculate 95 + 0 + -23 + (27 - (37 - 21)).
83
Evaluate -28 + 56 + -75 + (1 - -11).
-35
(-5 - 7 - 36) + 15
-33
Calculate (-66 - -46) + 12 + -10.
-18
Calculate 2 - (0 + 9) - ((-32 - -63) + 15 + -37).
-16
What is 63 + (-20 + 36 + -23 - 1)?
55
32 + -4 + (87 - 81) + 35
69
-10 + 12 - ((5 - 27) + 5)
19
Calculate (-1 - 8) + (-10 - (3 + -8)) + 25 + -2.
9
Calculate 2 + 66 - (-2739 + 2929).
-122
(-5 + 0 - (85 - 96)) + (-10 - -4)
0
What is the value of -52 + -52 + 212 + -35?
73
What is the value of 17 - (-18 + 29) - ((2 - 3) + 42)?
-35
What is the value of (14 - (-6 + -8 + 8)) + (-1 - -8)?
27
Evaluate 56221 - 56258 - (0 + (-91 - 0)).
54
Evaluate 124 + (-65 - (-46 - -48)).
57
Calculate -25 - (-16 + 30 + (102 - 87) + -15 + 1).
-40
22 - (11 - 20) - (38 + -24)
17
24 - (30 + (3 + -7 - 6))
4
What is (0 - 0) + (-38 + 15 - (-9 - -13 - -7))?
-34
13 - (-10 - (3 + -20 - (-166 + 166)))
6
Calculate (-1 - 74) + (-13188 - -13303).
40
Evaluate -104 - -89 - (-18 + 3) - (-5 - -43).
-38
What is the value of -5 - (-4 - (3 + 15 + -18)) - -44?
43
(4 + -42 - 13) + 95
44
What is -26 + 2 + -3 + (5241 - 5289)?
-75
Calculate (-31 - -88) + -53 - (-4 + (-4 - -102)).
-90
(33 - (100 - 50)) + -31
-48
3 - (1 + 0 + -4) - (-578 + 593)
-9
-61 - (112 + -105 + -22 + (4 - 2)) - 1
-49
What is 3 - 15 - (1190 - 1182)?
-20
Calculate -65 + 2 + -2 - (239 + 179 + -439).
-44
0 + 372 + -378 + (0 - (10 + -2 + 3))
-17
1 - 0 - (9 - 23) - 32
-17
Evaluate -4 + (-20 - 32 - (-21 + 6 - 2)).
-39
Evaluate 56 - (-19 + 19 + 27).
29
What is the value of (-44 - -39) + -43 + 35 + (-3 - -2) - 61?
-75
What is the value of -103 + 16 + -45 + 50?
-82
What is the value of 43 - (-1 - -13 - ((8 - (-4 + 4)) + -3))?
36
Evaluate (32 - (38 - (8 - 17))) + -81.
-96
What is -8 - (-8 - (-3 - ((-10 - -9) + 9)) - 6)?
-5
-4 + 13 + (7 - -7) - (-12 - -13)
22
What is -2 + 1 + 4 + -59 + 12?
-44
What is -20 + (7 - 113) + 9 + (1 + -4 - -5)?
-115
What is the value of 64 + (374 - 381) + (24 - 2 - 3)?
76
8 - (-16 - -36 - 15)
3
28 + (49 - (29 - -84))
-36
Calculate 60 + ((-2 - -3) + 5 - -2) + (0 - 4).
64
865 + -851 - (0 - -16)
-2
What is the value of -56 + (0 - 1) + 14 - (-7 + 15)?
-51
What is the value of 10 + 6 + ((-17 - (-18 + 10)) + 20 - 16)?
11
Calculate -76 - (51 + -115) - 70.
-82
Calculate 16 + -4 + -13 + (-4 - 20) + 2.
-23
What is the value of -466 + 612 - (9 - -60)?
77
What is the value of 2 + 3 + (-74 - -4 - (47 + -24))?
-88
Calculate 423 + (-558 - -97) + (0 - 1) + 16.
-23
What is the value of 2 + (-70 - (-30 + 51) - -25)?
-64
Calculate -19 - -1 - (33 - -4) - -10.
-45
Calculate 14 + -19 + -33 + (7 - -11) + 16.
-4
What is -81 - ((-77 - -57) + -7)?
-54
What is 61 + 7 + -49 + -31?
-12
-11 - ((-1242 - -1238) + (16 - (-1 + 2)))
-22
-211 + (-57 - -149) - -35
-84
What is the value of (56 - 7) + (4 - (-10 - 4)) - 8?
59
What is (36 - -5) + (-1297 - -1319)?
63
What is the value of ((-13 + 13 - -8) + -3 - -4) + 18?
27
What is -25 - (3 + -18 + -5) - -29?
24
-3 - 3 - (-2 + 2 - (-61 - -72))
5
What is the value of 12 + -73 + 60 + 2 + -12 + 3?
-8
1429 - 565 - 865 - (-135 - -1 - (1 - 2))
132
What is the value of 141 + -138 - (-10 + -14 + (2 - -2))?
23
Evaluate 20 - (-9 + -8 + 75 + 13).
-51
What is -22 + (-3 - -6) + (-563 - -585)?
3
What is the value of (3 - 52) + 47 - -21?
19
19 + -27 - ((-42 - 4) + 10)
28
Calculate (-1 - 0) + 0 + (-64 + 151 - 93) - 50.
-57
What is the value of (-6 - ((8 - 27) + 1)) + 35 + -53?
-6
-75 - (-199 - -210 - (0 - -20) - -16 - -7)
-89
-28 - (10 + 6 - 6 - (0 - 0)) - -3
-35
Calculate -36 + -3 + (2726 - 2611).
76
What is the value of -21 - (15 - (-12 - -9 - -2))?
-37
Calculate 4 - ((-7 + -31 + 42 - 12) + (43 - -1)).
-32
Evaluate -1 - 0 - (1253 + -1231).
-23
-26 - -12 - (-36 + 20) - (-1 - -1)
2
What is -4 + ((0 - (8 - 16)) + 5 - -8)?
17
What is 6 + 95 + (-421 - -274)?
-46
12 - (7 + -2 + -3 + -20 + 16 + 8)
6
What is -123 + (160 - (128 + -55))?
-36
(-9 + 17 - -1) + (1 + (-6 - 0) - -8)
12
What is the value of -60 - ((-41 - 109) + 8)?
82
Calculate (-25 + 39 - 17) + -20 + -7.
-30
Calculate -115 - (70 - (135 + 163)).
113
What is the value of 139 - (6 - -154) - (0 + -18)?
-3
-8 - (8 - (10 - (-9 + -1 - (-86 + 73))))
-9
Calculate (41 - (34 + -9) - 28) + 21.
9
Evaluate (0 - 31) + 70 + -6.
33
Calculate (37 - 5) + -3 + (41 - (19 - -14)).
37
Calculate 2 + -43 + -14 + (-18 + 19 - -19).
-35
What is -10 + (-43 + -27 - -5)?
-75
(-57 - -23) + 11 + 24 - 6
-5
Evaluate -95 + (-34 - -32 - -35).
-62
49 - -5 - (-221 + 218 + (0 - 2))
59
What is (-22 - (12 - 6 - (14 - -7))) + 58?
51
Calculate (-45 - -148) + -102 + (-65 - 1).
-65
What is 65 + (32 - ((-83 - -88) + 4 + 4))?
84
What is the value of (-27 + 203 - 60) + -84?
32
Calculate (-8 - -10) + -39 + (13 - (9 + 5)).
-38
Evaluate -179 + -170 + 387 + -47 + -1.
-10
Calculate -522 + 636 + (15 - 29).
100
Calculate -14 + 4 + (-1 - (66 + -3) - (-195 + 195)).
-74
39 + (-1 + 8 - (-63 - -71)) + 1
39
Calculate -1 + -5 + -1 + (-40 - (-22 + -15)).
-10
What is -14 + 14 - (-15 + 5 + (1 - 3) + 4)?
8
Evaluate (20 - (21 + 9)) + (-7 - -3 - (-11 + 0)).
-3
Calculate -21 - (40 - (-26 + 101)) - -92.
106
Calculate (0 - -9) + (-2 - -26) + -25 - (-13 - -4).
17
(-13 - ((-1 - 22) + (-141 - -153))) + (-91 - -4)
-89
What is (5 + -13 + 3 - -12) + (-2 - 95)?
-90
Calculate -15 - ((13 - 16 - 7) + (100 - (-5 - -12))).
-98
Evaluate (-2435 - -2491) + (0 - (37 - -1)).
18
What is the value of 2 + ((1 - -32) + (-31 - -20) - -10)?
34
(10 - (-12 + (-11 - -20 - 3))) + -74
-58
0 + 0 - -80 - (-29 - -9 - -34)
66
What is the value of -6 + 3 + -9 + (-23 - -49) - -33?
47
Calculate (-56 - (-22 - -34)) + (1 - (0 + -3)).
-64
Evaluate (7 - 90) + (-8 + -7 + -3 - -39).
-62
Calculate -1645 - -1647 - (3 - (-4 + 116)).
111
What is -15 + 20 + 40 + -70 + -5?
-30
1 + 11 - (-2182 + 2163)
31
What is (-557 - -541) + 76 + -2 + (5 - 3)?
60
Calculate (3 - (-5 + 8)) + -192 + 190.
-2
Evaluate 6 - (21 - (-22 + 6)).
-31
35 + 0 - ((-8 - 1 - -7) + -3)
40
What is 75 + (0 - 34) + -25 + (-1 - -85) + -2?
98
Calculate 30 + (11 - 36) - (86 - -2) - -11.
-72
What is -12 + 2 + -11 + 63 + -36 + -19?
-13
What is 35 + -34 + 74 - 72?
3
What is the value of 8 + -31 + (-124 - -128 - (3 - 8 - -3))?
-17
Evaluate 3 - ((-37 - -1) + 10) - -3.
32
Evaluate -24 - (-5 + (0 - 33) + 127).
-113
Calculate (0 - (5 - 2)) + 15 - (-47 - -19).
40
Evaluate (10 - (19 + 51)) + 32 - -106.
78
What is the value of -133 - -135 - (0 + -66) - (-26 - -14)?
80
What is the value of (-51 - -26) + (-14 - -7) - -125?
93
(17 - (86 - 21)) + 99
51
What is the value of (10 - 7) + -1305 + 1188?
-114
Evaluate -58 - ((-16 - 33 - -39) + 4 + -1).
-51
What is 70 - (-13 - -53 - -4)?
26
23 - 6 - (52 - 59) - 42
-18
-20 - (6 - 3 - (-48 - -60)) - -1
-10
-1 - -1 - -1 - (151 - (248 - 112))
-14
What is the value of 38 - (-123 - (-168 + -66))?
-73
Evaluate -40 - 12 - (-3 + 1 + 0 + -1 + -3).
-46
Calculate 381 - 356 - (62 + 1).
-38
-953 - -955 - (49 - (-4 + (1 - -3)))
-47
What is the value of -11 - (-23 + 28 + 18) - 18?
-52
-18 + (-4 - -4 - -98 - 3 - 13)
64
Calculate (-3 - -47) + 4 - (-23 - -53 - 20).
38
-14 - (17 - 12) - ((-29 - -34) + 4)
-28
What is the value of 2 - 1 - 0 - 7 - (10666 + -10666) - -27?
21
Calculate -484 + 426 - (-1 + -35).
-22
Evaluate 21 - 24 - (-5 + 7 - (-4 - (1 - -3))).
-13
15 + -3 + -4 + -10 + -3 - -57
52
What is the value of (-297 - -223) + 2 + -4 + 0 + -12?
-88
Evaluate (8 - 31 - -11) + (-2 - 21) + 0.
-35
Calculate 53 - (-53 - -29 - -51).
26
What is 24 - (50 + -84 - -99)?
-41
Calculate 119 - 0 - (-5969 - -6001).
87
-895 + 962 - (0 + 14)
53
Evaluate -2 + (-1 - (9 - 7) - -85 - 13).
67
Calculate -11 - (404 + -325 - (18 + -1)) - 9.
-82
What is 166 + (-267 - (-130 - 29))?
58
What is 51 + 7 + -83 - (-32 + 1) - -87?
93
Calculate (91 + -46 - 81) + 20 + 0.
-16
What is (0 - (-13 + 25 - 26 - -32)) + 68?
50
Calculate (29 - 55) + -31 + 114.
57
23 - ((130